test common factor of 144 and 240?
48
Calculate the greatest common factor of 80 and 30.
10
What is the highest common factor of 819 and 126?
63
Calculate the highest common divisor of 213 and 284.
71
What is the greatest common divisor of 112 and 196?
28
Calculate the greatest common divisor of 999 and 27.
27
What is the highest common divisor of 248 and 62?
62
What is the highest common factor of 399 and 703?
19
What is the greatest common factor of 212 and 4293?
53
Calculate the greatest common divisor of 44 and 792.
44
Calculate the greatest common divisor of 135600 and 12.
12
What is the highest common divisor of 12112 and 40?
8
What is the highest common divisor of 8 and 200?
8
Calculate the highest common factor of 216 and 8.
8
What is the greatest common factor of 104 and 1118?
26
What is the highest common factor of 1739 and 74?
37
Calculate the highest common divisor of 2496 and 256.
64
Calculate the highest common divisor of 244 and 4941.
61
Calculate the highest common divisor of 6223 and 98.
49
Calculate the greatest common factor of 2490 and 165.
15
Calculate the greatest common divisor of 3400 and 816.
136
Calculate the greatest common factor of 27 and 1521.
9
What is the highest common divisor of 10991 and 87?
29
Calculate the greatest common factor of 1813 and 148.
37
Calculate the highest common divisor of 2567 and 1963.
151
What is the highest common factor of 396 and 1408?
44
What is the greatest common factor of 36 and 1380?
12
What is the greatest common factor of 86 and 20?
2
Calculate the highest common divisor of 29 and 1.
1
What is the greatest common factor of 15 and 10530?
15
Calculate the highest common factor of 942 and 96.
6
What is the greatest common divisor of 60 and 594?
6
What is the highest common divisor of 966 and 504?
42
Calculate the greatest common factor of 170 and 1445.
85
What is the highest common factor of 132 and 660?
132
Calculate the highest common divisor of 4 and 181.
1
Calculate the greatest common divisor of 912 and 114.
114
Calculate the greatest common divisor of 105 and 3.
3
What is the highest common divisor of 206 and 515?
103
Calculate the greatest common divisor of 1424 and 89.
89
Calculate the highest common factor of 6 and 22.
2
Calculate the greatest common factor of 1751 and 3296.
103
What is the greatest common divisor of 81 and 3?
3
Calculate the greatest common factor of 18 and 276.
6
What is the highest common factor of 127 and 111125?
127
What is the greatest common factor of 5175 and 115?
115
What is the highest common divisor of 568 and 88?
8
Calculate the greatest common divisor of 223 and 33896.
223
Calculate the greatest common factor of 256 and 336.
16
What is the highest common factor of 944 and 3068?
236
What is the greatest common divisor of 265 and 106?
53
Calculate the greatest common factor of 18857 and 346.
173
What is the highest common factor of 204 and 51?
51
What is the highest common divisor of 1547 and 357?
119
What is the greatest common factor of 140 and 1085?
35
What is the greatest common factor of 120 and 80?
40
What is the highest common factor of 3 and 111?
3
What is the greatest common factor of 435 and 30?
15
What is the greatest common factor of 15 and 480?
15
What is the highest common factor of 100 and 175?
25
Calculate the highest common divisor of 3315 and 2040.
255
What is the highest common factor of 165 and 110?
55
What is the highest common factor of 64 and 224?
32
What is the highest common factor of 852 and 96?
12
Calculate the greatest common factor of 2686 and 237.
79
Calculate the highest common divisor of 80 and 32.
16
Calculate the greatest common factor of 70 and 3010.
70
What is the highest common divisor of 8692 and 212?
212
Calculate the greatest common factor of 140 and 252.
28
Calculate the highest common factor of 25 and 80.
5
What is the greatest common divisor of 548 and 3?
1
What is the greatest common divisor of 279 and 31?
31
What is the highest common divisor of 832 and 130?
26
What is the greatest common divisor of 567 and 1863?
81
What is the greatest common factor of 104 and 8424?
104
What is the highest common factor of 228 and 24?
12
Calculate the greatest common factor of 225 and 80.
5
What is the greatest common divisor of 1325 and 1925?
25
What is the greatest common factor of 14 and 917?
7
Calculate the highest common divisor of 1232 and 112.
112
Calculate the greatest common divisor of 120 and 170.
10
What is the highest common divisor of 22008 and 168?
168
What is the greatest common divisor of 71 and 1136?
71
What is the greatest common factor of 12 and 6?
6
What is the greatest common divisor of 592 and 32?
16
What is the highest common factor of 6191 and 41?
41
Calculate the greatest common divisor of 38 and 152.
38
What is the greatest common divisor of 15 and 615?
15
Calculate the greatest common divisor of 374 and 7344.
34
What is the greatest common divisor of 297 and 165?
33
What is the greatest common divisor of 17221 and 17?
17
What is the greatest common factor of 21 and 329?
7
What is the greatest common factor of 323 and 95?
19
What is the highest common divisor of 20520 and 152?
152
Calculate the highest common factor of 5512 and 1060.
212
Calculate the greatest common divisor of 102 and 1394.
34
Calculate the highest common factor of 752 and 64.
16
Calculate the greatest common divisor of 672 and 2.
2
What is the highest common factor of 792 and 110?
22
What is the greatest common divisor of 4508 and 4?
4
Calculate the greatest common factor of 37998 and 36.
18
What is the highest common divisor of 20 and 600?
20
Calculate the highest common factor of 72 and 2792.
8
Calculate the greatest common divisor of 705 and 15.
15
Calculate the greatest common divisor of 26 and 533.
13
What is the highest common divisor of 42 and 231?
21
Calculate the greatest common divisor of 14 and 1728.
2
What is the highest common divisor of 26 and 68861?
13
What is the highest common divisor of 204 and 144?
12
What is the highest common divisor of 96 and 200?
8
What is the highest common divisor of 1243 and 88?
11
Calculate the highest common divisor of 2400 and 384.
96
What is the greatest common factor of 615 and 30?
15
What is the greatest common factor of 9 and 279?
9
Calculate the highest common factor of 306 and 136.
34
Calculate the highest common divisor of 170 and 100.
10
Calculate the greatest common divisor of 2379 and 78.
39
Calculate the greatest common divisor of 3703 and 35.
7
Calculate the greatest common factor of 464 and 8.
8
Calculate the greatest common factor of 72 and 198.
18
What is the greatest common factor of 2080 and 640?
160
What is the highest common divisor of 1488 and 96?
48
Calculate the highest common divisor of 855 and 165.
15
Calculate the greatest common factor of 728 and 715.
13
What is the highest common factor of 71 and 1136?
71
Calculate the greatest common divisor of 1440 and 1170.
90
Calculate the greatest common divisor of 20 and 39740.
20
What is the greatest common divisor of 105 and 16870?
35
What is the greatest common factor of 386 and 1737?
193
What is the greatest common divisor of 17 and 85?
17
Calculate the greatest common factor of 2 and 1286.
2
What is the greatest common factor of 98 and 245?
49
What is the greatest common factor of 2382 and 12?
6
What is the highest common divisor of 50 and 120?
10
What is the greatest common divisor of 6 and 246?
6
What is the greatest common divisor of 72 and 192?
24
Calculate the greatest common factor of 800 and 1024.
32
Calculate the greatest common divisor of 26 and 442.
26
What is the greatest common factor of 130 and 2405?
65
What is the highest common divisor of 1314 and 1?
1
Calculate the highest common factor of 78 and 4654.
26
Calculate the greatest common factor of 78 and 143.
13
Calculate the greatest common factor of 4 and 6196.
4
Calculate the greatest common factor of 15470 and 850.
170
Calculate the greatest common divisor of 4212 and 104.
52
Calculate the greatest common divisor of 165 and 315.
15
What is the highest common factor of 32 and 1312?
32
Calculate the greatest common divisor of 2479 and 407.
37
What is the greatest common divisor of 96 and 18816?
96
Calculate the highest common divisor of 2